 -y*d. Let b(w) = w**2 - 6*w + 3. Determine b(d).
-5
Let b(q) = 2*q**3 - 14*q**2 + 11*q + 6. Let x be (-1)/2*-5*13/(65/12). Give b(x).
0
Let n(l) = 21*l**3 + 13*l**2 - 12*l - 14. Let h(t) = -19*t**3 - 11*t**2 + 10*t + 13. Let y(k) = -10*h(k) - 9*n(k). Give y(5).
-14
Let b(i) = -10*i**2 + 2*i - 31. Let n(g) = 9*g**2 - 3*g + 26. Let x(m) = 10*b(m) + 11*n(m). Determine x(-7).
18
Let v(q) = 2*q**3 - 7*q**2 - 8*q + 2. Suppose 5*c - 9*s + 5*s = 37, 3*c + s = 12. Let i(g) = g**3 - 3*g**2 - 4*g. Let r(o) = c*i(o) - 3*v(o). Give r(6).
18
Let i(o) be the second derivative of o**6/240 + 13*o**5/120 + o**4/6 - 13*o**2/2 + 82*o. Let f(d) be the third derivative of i(d). Determine f(-9).
-14
Let t(l) = l**3 - 12*l**2 + 19*l - 12. Suppose 39*s - 37*s + 16 = 2*p, 4*p - 2*s - 36 = 0. What is t(p)?
-22
Let p be 18/(-22) + -1 - 8/44. Let c(o) = -o - 4. Determine c(p).
-2
Let h(f) be the second derivative of 13*f**5/20 - f**4/6 + f**2/2 + 5*f + 160. Give h(-1).
-14
Let r(n) = n**2 - 17*n. Let k be r(-6). Let q = k + -134. Let h(c) = 0*c**2 + c**2 + 4*c**2 - 7*c + 6 - c**3. Give h(q).
-6
Let t(x) be the second derivative of -1/6*x**3 - 90*x + 0 + 0*x**2. What is t(4)?
-4
Let x(o) = -o**2 + 41. Let m(y) = -9*y - 203. Let n be m(-24). Let b(d) = 19. Let k(a) = n*b(a) - 6*x(a). Determine k(-1).
7
Let d(x) = x**3 - 4*x**2 + 3*x - 1. Suppose 10*f = -10*f + 260. Let l(v) = -2*v - 32. Let r be l(-21). Suppose -y + f = r. What is d(y)?
-1
Suppose 3*c - 8*c - 50 = 0. Let y = c - -29. Let b(o) = -o**2 + 20*o - 12. Let j be b(y). Let f(h) = 4*h - 2. What is f(j)?
26
Suppose 0 = d - 3*a + 16, 0*a + 5*a = 5*d + 110. Let p = d - -59. Let y = p + -39. Let h(o) = -o. What is h(y)?
5
Let f(k) = -3*k**2 - k + 1. Let z be 5 + 14 - (5 - 1). Suppose -6*i = -21*i + z. Calculate f(i).
-3
Let c(t) = 3*t - 23. Let g(f) = 2*f - 12. Let j(r) = -3*c(r) + 5*g(r). Let s be j(-8). Suppose 23 - s = 11*a. Let k(h) = -2*h**2 + h. Give k(a).
-6
Suppose -13 = 5*v + 7. Let f = -70 - -73. Let g(q) = -5*q**2 - q + 5. Let i(k) = -4*k**2 - k + 4. Let t(s) = f*g(s) + v*i(s). Calculate t(0).
-1
Let f(o) = 5*o**2 + o**2 - 2*o - 30 - 5*o**2. Let j be f(7). Suppose 4*g + 4*s = -19 - j, -18 = 3*g + 5*s. Let b(v) = -v**2 - 7*v + 4. What is b(g)?
10
Let t(r) = 10*r**2 + 8. Let a be t(2). Suppose 24 = -a*y + 54*y. Let s(o) = -o**3 + 5*o**2 - 5*o - 2. Calculate s(y).
-6
Let p(o) = o**2 + 10*o + 15. Let h = -512 + 259. Let n = h + 245. Determine p(n).
-1
Let t(q) = -q**2 + 11*q - 20. Let a be t(8). Let j(k) = -7*k**2 + 8*k + 6*k**2 + a + 4*k + 7*k. Let b be j(19). Let w(s) = -s**2 + 2*s - 6. Determine w(b).
-14
Let l(c) be the third derivative of -7*c**5/30 - 15*c**2. Let d(n) be the first derivative of n**4/2 - n**2 - n + 10. Let y be d(-1). What is l(y)?
-14
Let h(i) be the third derivative of -1/60*i**5 - 3/2*i**3 + 1/2*i**4 + 114*i**2 + 0 + 0*i. Calculate h(6).
27
Let i(q) be the third derivative of q**8/6720 - q**7/504 - q**6/80 + q**5/8 - 9*q**4/8 + 36*q**2 + q. Let j(l) be the second derivative of i(l). Give j(6).
-3
Let y(k) = 2*k**2 + k. Let s be (-6)/9*495/110. Let l = -13 + 9. Let d be ((-3)/2)/s + (-2)/l. What is y(d)?
3
Let b(n) = -n**2 - 3*n - 2. Let p(q) = -7*q + 215. Let i be p(26). Suppose 3*r + 54 - i = 0. Determine b(r).
-30
Let o be (30/(-9))/((-20)/24) + 2. Let x(t) = -t**2. Let c(l) = 2*l**2 + 6*l - 7. Let z(r) = -c(r) - 3*x(r). Determine z(o).
7
Let y(c) be the second derivative of -c**5/20 + c**3/6 - 4*c**2 - 10*c. Let r be 3 - (-28)/(20/5). Let w be 0*(5 + (-55)/r). Calculate y(w).
-8
Let n be (0 - -1)*(6 + -6 + 11). Let c(z) be the first derivative of z**4/4 - 4*z**3 + 11*z**2/2 - 3*z - 2. Calculate c(n).
-3
Let i(t) = -6*t**2 - 71*t + 4. Let n(u) = 13*u**2 + 143*u - 12. Let z(q) = 9*i(q) + 4*n(q). Determine z(-33).
21
Let v(h) be the second derivative of 5*h**3/6 + 4*h**2 - 120*h - 2. Calculate v(-8).
-32
Let b(p) be the first derivative of p**3/3 - 2*p**2 + 5*p - 8. Let i be b(4). Let t(k) = 6*k**2 - 34*k - 26 + 30*k - k**3 + 20. Calculate t(i).
-1
Let v(c) = -4*c + 0 + 8*c - 1. Let s(a) = -a**3 - 13*a**2 - 43*a - 19. Let d be s(-8). Suppose 2*p + 9 = d*g, -5 = 3*g + 35*p - 31*p. Give v(g).
3
Let y(w) = w. Let k(s) = -4*s + 2. Let z(i) = 2*k(i) + 12*y(i). Let l(m) = m. Let b(o) = 6*l(o) - z(o). Calculate b(7).
10
Suppose 94*o = 98*o + 28, 5*o + 21 = 2*g. Let c(v) = 3*v**2 + 20*v + 38. Determine c(g).
45
Let q = 5 - -7. Let s(f) = -f**3 + 11*f**2 + 12*f + 5. Let j be s(q). Let g(t) = 3*t + 6. Let z(v) = -v**2 + v - 1. Let o(p) = -g(p) - z(p). Calculate o(j).
0
Let t(r) = -19*r**2 - 2*r - 1. Let f(q) = 12*q - 8. Let j be f(-16). Let n = 199 + j. Calculate t(n).
-18
Let k = 1542 - 1537. Let u(o) be the first derivative of o**4/4 - 5*o**3/3 - o**2 - 3*o - 3. Give u(k).
-13
Let g(k) = -5*k + 227. Let a(z) = -19*z + 851. Let m(o) = -4*a(o) + 15*g(o). Let f(j) = -j - 1. Let u be f(0). What is m(u)?
0
Suppose -19*j = 11*j + 44*j + 740. Let p(m) = -m**3 - 9*m**2 + 9*m - 17. Determine p(j).
-7
Let q(d) = d**3 - 21*d**2 - d + 13. Let f = -65 + 86. Let p be q(f). Let a(j) = j**3 + 7*j**2 - 8*j + 4. Give a(p).
4
Let z(c) = -27 + 5*c**2 - 32 - 4*c**2 + c + 15. Determine z(-7).
-2
Let b(w) be the first derivative of -w**6/120 + 7*w**5/30 - w**4/12 + 3*w**3 + 51*w**2/2 + 2*w + 58. Let o(u) be the second derivative of b(u). What is o(14)?
-10
Let v(l) be the second derivative of l**7/2520 - l**6/90 + 3*l**5/40 + 17*l**4/12 - l**3/6 + 9*l. Let z(x) be the third derivative of v(x). What is z(6)?
-3
Let u(b) = 11*b - 13277 - 13281 + b**2 + 26576. Determine u(-3).
-6
Let x(j) = j + 3. Let n(l) be the second derivative of l**5/20 + l**4/2 - l**3 + 3*l**2/2 - l. Let h be n(-7). What is x(h)?
-1
Let p(u) = 2*u**3 + 8*u**2 + u + 6. Let c(s) = 22 - 7*s + s - 1 - 1. Let b be c(4). Give p(b).
2
Let w(p) = 8*p + 16. Let i = -16737 + 16741. Calculate w(i).
48
Suppose -k - 369*y - 14 = -371*y, 3*k + 4*y + 2 = 0. Let m(r) = r**3 + 7*r**2 + 7*r + 17. Calculate m(k).
11
Let s(u) = -33*u + 193. Let n be s(6). Let p(t) = -3*t**2 - 5*t - 5. Let k(b) = 2*b**2 - b + 1. Let d(a) = k(a) + p(a). Determine d(n).
1
Let m be ((-243)/(-45))/3 - 8/10. Let t(d) be the third derivative of d**6/12 - d**5/60 + d**3/6 + d**2. Give t(m).
10
Let t(c) = 6*c + 61. Let o be t(-5). Suppose o*r - 470 = -160. Let y(f) = -f + 9. Determine y(r).
-1
Let x(i) be the second derivative of -i**4/6 - i**3 - 3*i**2 + 1407*i. Give x(-5).
-26
Let i(s) = -10*s + 0*s**2 - s**2 + 12 - 2*s. Suppose -3*c = d + 38, -3*d - d + 30 = -2*c. Calculate i(c).
-1
Let t(r) = -3*r - 33. Let i(w) = 8*w + 81. Let s(g) = -2*i(g) - 5*t(g). Suppose -3*q + 4*n - 14 = 2*n, 12 = -4*q - 4*n. Determine s(q).
7
Let s(o) = 140*o**2 - 74*o + 145. Let w(l) = -31*l**2 + 18*l - 36. Let k(i) = 2*s(i) + 9*w(i). Let c(p) = -6*p**2 - 5*p - 2. Let q be c(-2). What is k(q)?
-2
Let v(c) = 10*c + 2. Let j be v(0). Let f(r) = 11 - 1 - 9 - 22*r**2 + 5*r**j. Determine f(1).
-16
Let r(o) = o**3 - 6*o**2 + 7*o - 6. Let h be (-15 - -6) + 5 + -10. Let x be (h/133 + 21/19)*4. Determine r(x).
-10
Let v(w) = -w**3 - 4*w**2 - w + 9. Let p(j) = -5*j**3 - 20*j**2 - 6*j + 47. Let i(n) = 2*p(n) - 11*v(n). Let t = -98 - -94. Determine i(t).
-1
Let k = 14 + -18. Let b(o) = 4*o + 19 + 16 - 18*o - 9. Let h(p) = -5*p + 9. Let x(q) = k*b(q) + 11*h(q). Calculate x(7).
2
Suppose 4*l = 0, -220 = -2*w - 3*w + 2*l. Suppose -7*k = -w + 2. Let t(r) = k - 691*r**3 + 346*r**3 - 8*r - 5*r**2 + 346*r**3. Give t(6).
-6
Let m(g) be the first derivative of -4*g**3/3 + 3*g**2/2 - g + 2132. Determine m(2).
-11
Let f(u) = -u**2 - 103*u + 427. Let s be f(4). Let j(m) = 38*m - 4. What is j(s)?
-42
Let u(n) = -115 + 24*n - 19*n + 155. Calculate u(-7).
5
Let l(z) = z**2 - 17194*z - 133 - 2*z**2 + 2*z**2 - 17220*z + 34391*z. Determine l(-5).
7
Let l(r) = -r**3 + r**2 - r + 5. Let a = 68 + -64. Let z be 0 + -12 + -8 + a. Let h = -16 - z. Calculate l(h).
5
Let y(g) = -4*g + 10. Let h be 20/8 + 3/2. Suppose -44 = -6*q + h. Give y(q).
-22
Let w(l) = -l**3 - 13*l**2 - 10*l + 10. Let n(q) = -58*q - 694. Let p be n(0). Let c = p - -682. Determine w(c).
-14
Suppose 34 = -6*l + 64. Let m(n) = -3*n**2 + 1842*n - 1846*n + n**3 + 7 - 4 - n**2. Determine m(l).
8
Let a(j) = -4*j**2 + 3*j**2 + 2*j**2 + 17 + 0*j**2 + 8*j. Let w be a(-5). Suppose c +